{"id":383,"date":"2022-02-15T12:43:21","date_gmt":"2022-02-15T12:43:21","guid":{"rendered":"https:\/\/ayuntamientodeharia.com\/deportes\/?page_id=383"},"modified":"2023-06-06T12:49:21","modified_gmt":"2023-06-06T12:49:21","slug":"formulario-de-registro-gim-pruebas","status":"publish","type":"page","link":"https:\/\/ayuntamientodeharia.com\/deportes\/formulario-de-registro-gim-pruebas\/","title":{"rendered":"Formulario de Registro GIMNASIO ARRIETA"},"content":{"rendered":"<style type=\"text\/css\">\na.enlace {\n text-decoration: none;\n \/\/backgruound-color: #424242;\n color: grey;\n font-weight: bold;\n text-decoration: underline;\n}\na.enlace:hover {\n  color: tomato;\n  \/\/backgruound-color: grey;\n \/\/font-weight: bold;\n}\n.textoRojo{\n  color: red;\n}\n<\/style>\n\n<div class=\"wpcf7 no-js\" id=\"wpcf7-f381-o1\" lang=\"es-ES\" dir=\"ltr\" data-wpcf7-id=\"381\">\n<div class=\"screen-reader-response\"><p role=\"status\" aria-live=\"polite\" aria-atomic=\"true\"><\/p> <ul><\/ul><\/div>\n<form action=\"\/deportes\/wp-json\/wp\/v2\/pages\/383#wpcf7-f381-o1\" method=\"post\" class=\"wpcf7-form init\" aria-label=\"Formulario de contacto\" enctype=\"multipart\/form-data\" novalidate=\"novalidate\" data-status=\"init\">\n<fieldset class=\"hidden-fields-container\"><input type=\"hidden\" name=\"_wpcf7\" value=\"381\" \/><input type=\"hidden\" name=\"_wpcf7_version\" value=\"6.1.5\" \/><input type=\"hidden\" name=\"_wpcf7_locale\" value=\"es_ES\" \/><input type=\"hidden\" name=\"_wpcf7_unit_tag\" value=\"wpcf7-f381-o1\" \/><input type=\"hidden\" name=\"_wpcf7_container_post\" value=\"0\" \/><input type=\"hidden\" name=\"_wpcf7_posted_data_hash\" value=\"\" \/><input type=\"hidden\" name=\"_wpcf7_recaptcha_response\" value=\"\" \/>\n<\/fieldset>\n<p class=\"textoRojo\" style=\"text-align:center\"><b>SE RUEGA NO DUPLICAR LAS SOLICITUDES, NO SER\u00c1N TENIDAS EN CUENTA.<\/b>\n<\/p>\n<hr \/>\n<center>\n\t<p><b>Para solicitar plaza en el Gimnasio Municipal de Arrieta y acceso a las Canchas de P\u00e1del, rellene los datos que figuran en el formulario<\/b>\n\t<\/p>\n<\/center>\n<hr \/>\n<p>-Los Campos se\u00f1alados con (*) son obligatorios<br \/>\n-<b>SOLO SE CONCEDE PLAZA A LAS PERSONAS RESIDENTES EN EL MUNICIPIO DE HAR\u00cdA mayores de 16 a\u00f1os<\/b>. Recuerda que si eres residente pero no est\u00e1s empadronado\/a deber\u00e1s acreditar dicha situaci\u00f3n mediante alg\u00fan documento acreditativo (Copia de contrato de arrendamiento, recibo domiciliado, etc.) debiendo adjuntarlo en formato PDF.<br \/>\n-Las personas que est\u00e9n de paso por vacaciones no tienen la consideraci\u00f3n de residentes a los efectos de alta en los servicios del presente formulario.<br \/>\n-Aquellas personas vinculadas a Clubs del municipio, actividades deportivas o escolares que se desarrollan en el municipio de Har\u00eda, que no se encuentren empadronadas, pueden solicitar plaza e indicar en el campo observaciones dicha situaci\u00f3n, y adjuntar documento en formato PDF donde se acredite dicha circunstancia.<br \/>\n-Si has realizado una solicitud anterior y necesitas corregir alg\u00fan dato hazlo constar en el campo observaciones, de lo contrario se tendr\u00e1 en cuenta la primera solicitud realizada, ya que se tramitar\u00e1 por orden de llegada, en cuyo caso se solicitar\u00e1 aclaraci\u00f3n sobre las discrepancias que se observen.<br \/>\n<hr \/>\n<\/p>\n<p class=\"textoRojo\"><b><u>-POR FAVOR, SI YA EST\u00c1S REGISTRADO COMO USUARIO\/A NO RELLENE ESTE FORMULARIO, SU SOLICITUD NO SER\u00c1 TENIDA EN CUENTA<\/u><\/b><br \/>\n-Si necesita recuperar su contrase\u00f1a puede hacerlo haciendo clic en: <a class=\"enlace\" href=\"https:\/\/ayuntamientodeharia.com\/deportes\/password-reset\/\">RECUPERAR CONTRASE\u00d1A<\/a>, para ello use como usuario el correo electr\u00f3nico mediante al cual qued\u00f3 registrado.\n<\/p>\n<hr \/>\n<p><label> Nombre* (Tal y como figura en su DNI)<br \/>\n<span class=\"wpcf7-form-control-wrap\" data-name=\"nombre\"><input size=\"40\" maxlength=\"400\" class=\"wpcf7-form-control wpcf7-text wpcf7-validates-as-required\" aria-required=\"true\" aria-invalid=\"false\" value=\"\" type=\"text\" name=\"nombre\" \/><\/span> <\/label>\n<\/p>\n<p>Apellidos (Tal y como figura en su DNI)*<br \/>\n<span class=\"wpcf7-form-control-wrap\" data-name=\"apellidos\"><input size=\"40\" maxlength=\"400\" class=\"wpcf7-form-control wpcf7-text wpcf7-validates-as-required\" aria-required=\"true\" aria-invalid=\"false\" value=\"\" type=\"text\" name=\"apellidos\" \/><\/span>\n<\/p>\n<p>N\u00famero de DNI* (Con letra)<br \/>\n<span class=\"wpcf7-form-control-wrap\" data-name=\"DNI\"><input size=\"40\" maxlength=\"400\" class=\"wpcf7-form-control wpcf7-text wpcf7-validates-as-required\" aria-required=\"true\" aria-invalid=\"false\" value=\"\" type=\"text\" name=\"DNI\" \/><\/span>\n<\/p>\n<p>Correo electr\u00f3nico personal* (Por favor aseg\u00farese de escribirlo correctamente)<br \/>\n<span class=\"wpcf7-form-control-wrap\" data-name=\"correo\"><input size=\"40\" maxlength=\"400\" class=\"wpcf7-form-control wpcf7-email wpcf7-validates-as-required wpcf7-text wpcf7-validates-as-email\" aria-required=\"true\" aria-invalid=\"false\" value=\"\" type=\"email\" name=\"correo\" \/><\/span>\n<\/p>\n<p>Tel\u00e9fono personal*<br \/>\n<span class=\"wpcf7-form-control-wrap\" data-name=\"telefono\"><input size=\"40\" maxlength=\"400\" class=\"wpcf7-form-control wpcf7-tel wpcf7-validates-as-required wpcf7-text wpcf7-validates-as-tel\" aria-required=\"true\" aria-invalid=\"false\" value=\"\" type=\"tel\" name=\"telefono\" \/><\/span>\n<\/p>\n<p>Fecha de Nacimiento*<br \/>\n<span class=\"wpcf7-form-control-wrap\" data-name=\"fechaNacimiento\"><input class=\"wpcf7-form-control wpcf7-date wpcf7-validates-as-required wpcf7-validates-as-date\" aria-required=\"true\" aria-invalid=\"false\" value=\"\" type=\"date\" name=\"fechaNacimiento\" \/><\/span>\n<\/p>\n<p>Declaro tener m\u00e1s de 16 a\u00f1os*<br \/>\n<span class=\"wpcf7-form-control-wrap\" data-name=\"mayor16\"><span class=\"wpcf7-form-control wpcf7-radio\"><span class=\"wpcf7-list-item first\"><label><input type=\"radio\" name=\"mayor16\" value=\"Si\" \/><span class=\"wpcf7-list-item-label\">Si<\/span><\/label><\/span><span class=\"wpcf7-list-item last\"><label><input type=\"radio\" name=\"mayor16\" value=\"No\" \/><span class=\"wpcf7-list-item-label\">No<\/span><\/label><\/span><\/span><\/span>\n<\/p>\n<p>Situaci\u00f3n* <b>(Los marcados con -DOC- requiere adjuntar documento que acredite dicha situaci\u00f3n, debiendo estar a nombre de la persona solicitante)*<\/b><br \/>\n<span class=\"wpcf7-form-control-wrap\" data-name=\"situacion\"><span class=\"wpcf7-form-control wpcf7-radio\"><span class=\"wpcf7-list-item first\"><label><input type=\"radio\" name=\"situacion\" value=\"Empadronado\" \/><span class=\"wpcf7-list-item-label\">Empadronado<\/span><\/label><\/span><span class=\"wpcf7-list-item\"><label><input type=\"radio\" name=\"situacion\" value=\"Residente-DOC-\" \/><span class=\"wpcf7-list-item-label\">Residente-DOC-<\/span><\/label><\/span><span class=\"wpcf7-list-item\"><label><input type=\"radio\" name=\"situacion\" value=\"Deportista-DOC-\" \/><span class=\"wpcf7-list-item-label\">Deportista-DOC-<\/span><\/label><\/span><span class=\"wpcf7-list-item\"><label><input type=\"radio\" name=\"situacion\" value=\"Estudiante-DOC-\" \/><span class=\"wpcf7-list-item-label\">Estudiante-DOC-<\/span><\/label><\/span><span class=\"wpcf7-list-item last\"><label><input type=\"radio\" name=\"situacion\" value=\"Otro, indique cual en observaciones-DOC-\" \/><span class=\"wpcf7-list-item-label\">Otro, indique cual en observaciones-DOC-<\/span><\/label><\/span><\/span><\/span>\n<\/p>\n<p>Si necesita adjuntar documento puede hacerlo aqu\u00ed (solo se admiten PDF, m\u00e1ximo 3mb) <span class=\"wpcf7-form-control-wrap\" data-name=\"documento\"><input size=\"40\" class=\"wpcf7-form-control wpcf7-file\" accept=\".pdf\" aria-invalid=\"false\" type=\"file\" name=\"documento\" \/><\/span><br \/>\n<b>Nota: Si se encuentra empadronado en Har\u00eda, no es necesario adjuntar ning\u00fan documento, y por favor NO ADJUNTAR copia del DNI, l\u00e9ase las instrucciones de la parte superior.<\/b>\n<\/p>\n<p>Observaciones:<br \/>\n(M\u00e1x. 400 caracteres. Quedan: <span class=\"wpcf7-character-count down\" data-target-name=\"observaciones\" data-starting-value=\"400\" data-current-value=\"400\" data-maximum-value=\"400\">400<\/span>)<br \/>\n<span class=\"wpcf7-form-control-wrap\" data-name=\"observaciones\"><textarea cols=\"40\" rows=\"3\" maxlength=\"400\" class=\"wpcf7-form-control wpcf7-textarea\" aria-invalid=\"false\" name=\"observaciones\"><\/textarea><\/span>\n<\/p>\n<p><div class='code-block code-block-1' style='margin: 8px 0; clear: both;'>\n<!-- Mostrar ocultar texto en DIV 1 -->\n<hr><center><a href=\"javascript:mostrarTextoOculto();\" id=\"textoEnlace\"><B><U>Mostrar t\u00e9rminos y condiciones<\/U><\/B><\/a><\/center><hr>\n<script languaje=\"javasCript\">\n    function mostrarTextoOculto(){\n        if (document.getElementById(\"textoOculto\").style.display==\"none\"){\n            document.getElementById(\"textoOculto\").style.display=\"inherit\";\n            document.getElementById(\"textoEnlace\").innerHTML =\"<B><U>Ocultar t\u00e9rminos y condiciones<\/U><\/B>\";\n            }else{\n            document.getElementById(\"textoOculto\").style.display=\"none\";\n            document.getElementById(\"textoEnlace\").innerHTML =\"<B><U>Mostrar t\u00e9rminos y condiciones<\/U><\/B>\";\n        }\n    }\n<\/script><\/div>\n\n<\/p>\n<div id=\"textoOculto\" style=\"display: none;\">\n\t<p><span style=\"text-decoration: underline;\"><strong>T\u00c9RMINOS Y CONDICIONES<\/strong><\/span><br \/>\nEl presente sitio web tiene por objeto poner a disposici\u00f3n de los usuarios toda clase de servicios e informaciones relacionadas con el Ayuntamiento de Har\u00eda, as\u00ed como otras que se estimen de inter\u00e9s para los usuarios de la web y\/o vecinos de este Municipio. Nuestro objetivo consiste en velar por la actualidad y exactitud de dicha informaci\u00f3n, no obstante el Ayuntamiento de Har\u00eda no asume responsabilidad alguna en relaci\u00f3n con la informaci\u00f3n incluida en estas p\u00e1ginas.\n\t<\/p>\n\t<p>El Ayuntamiento de Har\u00eda se reserva la facultad de efectuar, en cualquier momento y sin necesidad de previo aviso, modificaciones y actualizaciones sobre la informaci\u00f3n contenida en su web o en su configuraci\u00f3n o presentaci\u00f3n.\n\t<\/p>\n\t<p>El Ayuntamiento de Har\u00eda no garantiza la inexistencia de errores en el acceso a esta web o en su contenido ni que \u00e9ste se encuentre totalmente actualizado, aunque har\u00e1 los esfuerzos precisos para evitarlos y, en su caso, subsanarlos o actualizarlos a la mayor brevedad posible.\n\t<\/p>\n\t<p>La informaci\u00f3n proporcionada a trav\u00e9s de '<span style=\"text-decoration: underline;\">haria.es'<\/span> y '<span style=\"text-decoration: underline;\">ayuntamientodeharia.com<\/span>' tiene car\u00e1cter meramente orientativo y en ning\u00fan caso podr\u00e1 ser vinculante para la resoluci\u00f3n de los procedimientos administrativos, que se hallar\u00e1 sujeta exclusivamente a la normativa que les sea de aplicaci\u00f3n. \u00danicamente los textos publicados en las ediciones impresas de los diferentes boletines oficiales tienen car\u00e1cter aut\u00e9ntico y validez oficial.\n\t<\/p>\n\t<p>Tanto el acceso a la web, como el uso que pueda hacerse de la informaci\u00f3n contenida en el mismo son de la exclusiva responsabilidad de quien lo realiza. El Ayuntamiento de Har\u00eda no responder\u00e1 de ninguna consecuencia, da\u00f1o o perjuicio que pudieran derivarse de dicho acceso o uso de informaci\u00f3n, con excepci\u00f3n de todas aquellas actuaciones que resulten de las disposiciones legales aplicables.\n\t<\/p>\n\t<p>En este sitio web se han incluido enlaces a p\u00e1ginas de sitios web de terceros (\"links\") que se han considerado de inter\u00e9s para los usuarios. No obstante, el Ayuntamiento de Har\u00eda no asume responsabilidad alguna derivada de la conexi\u00f3n o contenidos de los enlaces de terceros a los que se hace referencia en la web.\n\t<\/p>\n\t<p><span style=\"text-decoration: underline;\"><strong>Pol\u00edtica de Privacidad y Protecci\u00f3n de datos<\/strong><\/span><br \/>\nConforme a lo previsto en el art\u00edculo 5 de la LOPD, se informa al USUARIO que, mediante los formularios de registro de la web, se recaban datos, que podr\u00e1n ser almacenados en en un fichero, con la exclusiva finalidad de env\u00edo de comunicaciones electr\u00f3nicas, tales como:responder a las peticiones del usuario, env\u00edo de informaci\u00f3n municipal,&nbsp;as\u00ed como otras comunicaciones que este Ayuntamiento&nbsp;considere&nbsp;interesante para sus USUARIOS. Los campos marcados como de cumplimentaci\u00f3n obligatoria, son imprescindibles para realizar la finalidad expresada.\n\t<\/p>\n\t<p>Bajo ning\u00fan concepto, estos datos ser\u00e1n cedidos, compartidos, transferidos, ni vendidos a ning\u00fan tercero. Para solicitar la baja de cualquier fichero de datos bastar\u00e1 con enviar un eMail a la siguiente direcci\u00f3n <span style=\"text-decoration: underline;\"><strong>webmaster@ayuntamientodeharia.com<\/strong><\/span>, identificando al solicitante e indicando de manera expresa BAJA \u00d3 MODIFICACI\u00d3N de los datos.\n\t<\/p>\n\t<p><span style=\"text-decoration: underline;\"><strong>Modificaci\u00f3n de la Pol\u00edtica de Privacidad<\/strong><\/span><br \/>\nEl Ayuntamiento de Har\u00eda&nbsp;se reserva el derecho a modificar su Pol\u00edtica de Privacidad, de acuerdo a su propio criterio, o motivado por cambios legislativos, jurisprudencial o doctrinal de la Agencia Espa\u00f1ola de Protecci\u00f3n de Datos, entre otros.\n\t<\/p>\n\t<p>Cualquier modificaci\u00f3n de la Pol\u00edtica de Privacidad ser\u00e1 publicada al menos diez d\u00edas antes de su efectiva aplicaci\u00f3n. El uso de la Web despu\u00e9s de dichos cambios, implicar\u00e1 la aceptaci\u00f3n de los mismos.\n\t<\/p>\n<\/div>\n<p>&nbsp;\n<\/p>\n<p><span class=\"wpcf7-form-control-wrap\" data-name=\"acceptance-2\"><span class=\"wpcf7-form-control wpcf7-acceptance\"><span class=\"wpcf7-list-item\"><label><input type=\"checkbox\" name=\"acceptance-2\" value=\"1\" aria-invalid=\"false\" \/><span class=\"wpcf7-list-item-label\">Acepto las condiciones<\/span><\/label><\/span><\/span><\/span>\n<\/p>\n<center>\n\t<p><input class=\"wpcf7-form-control wpcf7-submit has-spinner\" type=\"submit\" value=\"Enviar\" \/>\n\t<\/p>\n<\/center><div class=\"wpcf7-response-output\" aria-hidden=\"true\"><\/div>\n<\/form>\n<\/div>\n\n","protected":false},"excerpt":{"rendered":"","protected":false},"author":1,"featured_media":0,"parent":0,"menu_order":0,"comment_status":"closed","ping_status":"closed","template":"","meta":{"footnotes":""},"class_list":["post-383","page","type-page","status-publish","hentry"],"_links":{"self":[{"href":"https:\/\/ayuntamientodeharia.com\/deportes\/wp-json\/wp\/v2\/pages\/383","targetHints":{"allow":["GET"]}}],"collection":[{"href":"https:\/\/ayuntamientodeharia.com\/deportes\/wp-json\/wp\/v2\/pages"}],"about":[{"href":"https:\/\/ayuntamientodeharia.com\/deportes\/wp-json\/wp\/v2\/types\/page"}],"author":[{"embeddable":true,"href":"https:\/\/ayuntamientodeharia.com\/deportes\/wp-json\/wp\/v2\/users\/1"}],"replies":[{"embeddable":true,"href":"https:\/\/ayuntamientodeharia.com\/deportes\/wp-json\/wp\/v2\/comments?post=383"}],"version-history":[{"count":19,"href":"https:\/\/ayuntamientodeharia.com\/deportes\/wp-json\/wp\/v2\/pages\/383\/revisions"}],"predecessor-version":[{"id":668,"href":"https:\/\/ayuntamientodeharia.com\/deportes\/wp-json\/wp\/v2\/pages\/383\/revisions\/668"}],"wp:attachment":[{"href":"https:\/\/ayuntamientodeharia.com\/deportes\/wp-json\/wp\/v2\/media?parent=383"}],"curies":[{"name":"wp","href":"https:\/\/api.w.org\/{rel}","templated":true}]}}